(m) = -m**2 - 30*m - 135. What is t(-19)?
74
Let h(v) = -117*v - 593. Calculate h(-5).
-8
Let q(c) = c**3 + c**2 - 329*c + 2057. What is q(8)?
1
Let l(r) = -r**3 - 5*r**2 + 63*r + 141. Determine l(7).
-6
Let f(y) = y**2 + 10*y - 202. Determine f(18).
302
Let o(v) = -v**2 - 145*v - 1322. What is o(-10)?
28
Let g(o) = -2*o**3 + 23*o**2 - 29*o - 4. Calculate g(10).
6
Let h(t) = -6*t - 25. What is h(9)?
-79
Let i(k) = -730*k - 2194. Calculate i(-3).
-4
Let h(w) = 146*w - 387. Calculate h(3).
51
Let d(q) = 2724*q - 10892. What is d(4)?
4
Let l(t) = 60*t + 959. Give l(-17).
-61
Let o(j) = -j**2 + 39*j - 149. Calculate o(4).
-9
Let j(i) = i**3 - 25*i**2 + 101*i - 3. Give j(20).
17
Let l(j) = -687*j - 8942. Calculate l(-13).
-11
Let t(s) = s**3 + 10*s**2 - 142*s - 737. Calculate t(-16).
-1
Let t(x) = 10*x + 459. Give t(-44).
19
Let g(k) = 387*k - 4278. Determine g(11).
-21
Let g(t) = 53*t + 241. What is g(-5)?
-24
Let j(w) = -2*w**2 + 6264*w + 69147. Determine j(-11).
1
Let y(i) = 102*i - 1169. What is y(16)?
463
Let y(x) = -x**2 + x - 37. Calculate y(0).
-37
Let f(p) = 30*p - 343. Give f(11).
-13
Let r(d) = 14*d + 397. Determine r(-30).
-23
Let u(c) = 68*c + 339. Determine u(-5).
-1
Let a(l) = -3*l**2 + 206*l - 166. Determine a(69).
-235
Let u(y) = -y**2 - 63*y - 845. Give u(-19).
-9
Let i(r) = 17*r - 4. Determine i(9).
149
Let g(b) = -85*b + 50. Calculate g(-5).
475
Let c(w) = 6*w + 44. Give c(-4).
20
Let p(g) = g**2 - 170*g + 5704. Calculate p(124).
0
Let n(f) = 21*f + 459. Calculate n(-42).
-423
Let g(i) = -410*i - 26642. Calculate g(-65).
8
Let q(v) = v**3 - 4*v**2 - 1016*v - 116. What is q(34)?
20
Let k(y) = -88*y - 238. Determine k(-4).
114
Let k(r) = r**2 - 57*r + 770. Calculate k(20).
30
Let f(t) = -t**3 - 67*t**2 - 742*t + 35. What is f(-14)?
35
Let k(g) = g**2 + 20*g - 88. Give k(9).
173
Let j(k) = 35*k + 7. Give j(1).
42
Let i(n) = -5*n**2 - 16*n + 73. Calculate i(3).
-20
Let m(w) = w**3 - 8*w**2 - 262*w + 2274. What is m(9)?
-3
Let u(o) = o**2 + 78*o + 481. What is u(-71)?
-16
Let u(d) = -25*d - 870. Determine u(-22).
-320
Let s(z) = 528*z - 534. What is s(1)?
-6
Let y(v) = 3*v**2 - 106*v + 797. Calculate y(11).
-6
Let b(n) = n**2 + 151*n + 5737. Calculate b(-78).
43
Let p(j) = -2*j**2 - 75*j - 12. What is p(-36)?
96
Let z(d) = -4*d**3 + 46*d**2 - 23*d - 9. Determine z(11).
-20
Let m(j) = j**3 + 30*j**2 + 29*j - 3. Determine m(-29).
-3
Let i(v) = 146*v + 604. Give i(-6).
-272
Let b(c) = -465*c - 6048. Calculate b(-13).
-3
Let d(v) = 144*v - 140. Calculate d(1).
4
Let g(q) = -q**3 + 10*q**2 + 6*q + 131. Determine g(10).
191
Let o(a) = a**3 + 9*a**2 + 15*a + 28. Calculate o(-5).
53
Let n(z) = -27*z**3 - z + 3. Calculate n(1).
-25
Let y(r) = 38*r**2 - 46*r - 52. Determine y(2).
8
Let s(v) = v**3 - 80*v**2 + 868*v + 195. Calculate s(67).
-6
Let y(o) = 165*o - 57743. Calculate y(350).
7
Let a(g) = 64*g + 767. Calculate a(-12).
-1
Let h(o) = -6*o**2 + 54*o - 246. What is h(4)?
-126
Let q(f) = 102*f - 1224. Calculate q(12).
0
Let b(f) = -3*f**3 + 7*f**2 - 12*f + 15. Determine b(2).
-5
Let o(y) = -2*y**2 + 150*y - 2103. What is o(56)?
25
Let f(r) = 8*r - 26. Calculate f(-1).
-34
Let v(y) = 4*y**3 - 12*y**2 + 12*y + 10. What is v(7)?
878
Let s(n) = n**3 + 18*n**2 + 10*n + 207. Determine s(-18).
27
Let j(q) = 3*q**2 - 412*q + 11907. Give j(96).
3
Let w(a) = 60*a - 1204. What is w(20)?
-4
Let i(a) = -9*a + 79. Give i(5).
34
Let n(f) = -f**3 - 13*f**2 - 23*f - 68. Determine n(-11).
-57
Let v(z) = 6*z**2 - 74*z + 94. What is v(11)?
6
Let f(q) = -2140*q - 14987. Determine f(-7).
-7
Let b(u) = u**2 - 4*u - 20. Give b(12).
76
Let b(t) = -t**3 - 8*t**2 + 9*t + 1. What is b(-7)?
-111
Let o(u) = 62*u + 5069. Calculate o(-82).
-15
Let x(v) = -33*v**2 - 361*v + 13. Determine x(-11).
-9
Let u(d) = 12*d**2 - 2111*d - 2129. Determine u(-1).
-6
Let g(q) = -5*q**2 + 23*q - 107. Calculate g(6).
-149
Let q(y) = y**3 - 3*y**2 + 15*y - 41. Determine q(4).
35
Let w(u) = 13*u**2 - 154*u - 23. Determine w(12).
1
Let f(k) = k**2 + 55*k + 720. Calculate f(-34).
6
Let x(p) = -p**2 - 55*p + 30. Determine x(-37).
696
Let t(l) = -3*l**2 + 86*l + 201. Determine t(31).
-16
Let x(o) = -6*o**2 + 389*o + 2541. Give x(-6).
-9
Let g(m) = -m**3 + 152*m**2 - 4483*m + 117. What is g(40)?
-3
Let v(s) = 5721*s - 17222. Give v(3).
-59
Let j(t) = -1963*t + 11788. Determine j(6).
10
Let b(s) = 23*s**2 + 19*s + 53. What is b(-3)?
203
Let m(t) = -t**3 + 30*t**2 + 1060*t - 216. Determine m(-21).
15
Let s(k) = 2*k**3 - 5*k**2 - 3*k + 5. Determine s(4).
41
Let d(o) = -o**3 - 57*o**2 + 177*o - 234. What is d(-60)?
-54
Let m(u) = -u**3 + 55*u**2 - 55*u + 45. Determine m(54).
-9
Let d(i) = 9*i**2 + 317*i + 18. What is d(-31)?
-1160
Let h(o) = o**3 + 24*o**2 + 47*o + 546. Calculate h(-23).
-6
Let g(p) = p**3 - 15*p**2 - 14*p + 23. Determine g(16).
55
Let q(t) = 10190*t - 61127. Calculate q(6).
13
Let k(u) = u**3 - 14*u**2 - 5*u - 439. Give k(16).
-7
Let m(y) = y**3 + 351*y**2 - 1421*y - 1. Give m(4).
-5
Let a(v) = -v**2 - 80*v + 423. What is a(-85)?
-2
Let h(m) = -4*m**3 - 10*m**2 + 5*m + 23. Determine h(-4).
99
Let b(r) = -r**3 + 95*r**2 - 527*r - 628. Determine b(89).
-5
Let z(r) = 127*r - 726. Determine z(7).
163
Let k(l) = -17*l**3 - l**2 + 6*l - 5. Determine k(-3).
427
Let f(x) = x**3 + 30*x**2 + 16*x + 478. Calculate f(-30).
-2
Let c(f) = -56*f - 1484. Give c(-26).
-28
Let g(j) = 5*j**3 - 15*j**2 + 5*j - 15. Determine g(3).
0
Let l(v) = -v**2 + 318*v + 12729. Give l(-36).
-15
Let n(c) = -380*c + 2282. Determine n(6).
2
Let o(t) = 511*t + 7665. Give o(-15).
0
Let a(c) = 15*c**2 - 3221*c - 867. Calculate a(215).
-7
Let j(h) = -10*h**2 + 280*h - 552. Calculate j(26).
-32
Let w(t) = 43*t - 57. Give w(0).
-57
Let g(m) = -13*m**2 + 158*m - 10. Calculate g(12).
14
Let o(x) = -2*x**3 + 19*x**2 - 878*x + 7827. Calculate o(9).
6
Let n(q) = q**2 - 54*q - 4321. Calculate n(-44).
-9
Let b(s) = 387*s - 470. Give b(2).
304
Let a(z) = 2*z**2 - 126*z + 600. Determine a(59).
128
Let n(f) = -270*f - 10526. Give n(-39).
4
Let j(w) = -172*w**2 + 177*w. What is j(1)?
5
Let s(k) = 5*k**2 + 69*k - 84. Calculate s(-15).
6
Let v(t) = t**3 + 123*t**2 + 251*t + 1087. What is v(-121)?
-2
Let f(b) = 7*b - 488. What is f(54)?
-110
Let v(a) = 24*a - 143. What is v(6)?
1
Let x(z) = -33*z - 182. Determine x(-16).
346
Let h(w) = -51*w - 8. Give h(1).
-59
Let w(b) = -b**3 - 23*b**2 + 22*b - 75. Give w(-24).
-27
Let s(p) = p**3 + 92*p**2 + 28*p + 2599. What is s(-92)?
23
Let m(x) = -7*x**2 + 14*x + 26. Determine m(-5).
-219
Let t(r) = -r**3 + 9*r**2 - 136*r + 989. Determine t(8).
-35
Let k(n) = -67*n + 300. Give k(4).
32
Let j(m) = -3*m**3 - 15*m**2 - 12*m + 2. What is j(-1)?
2
Let w(x) = 33*x + 173. What is w(-6)?
-25
Let g(q) = -q**2 + 69*q + 574. What is g(-8)?
-42
Let k(o) = o**2 - 84*o + 889. Give k(72).
25
Let c(d) = 12*d**2 - 30*d + 36. What is c(-7)?
834
Let t(v) = v**3 + 6*v**2 + 11*v + 66. Determine t(-6).
0
Let s(a) = -a**3 - a**2 - 244*a - 1014. Determine s(-4).
10
Let z(m) = 3*m**2 - 40*m + 161. Determine z(10).
61
Let w(u) = -3*u**2 + 66*u - 199. What is w(3)?
-28
Let x(y) = 12*y**2 + 86*y + 80. Determine x(-1).
6
Let c(h) = -2*h**3 + 2*h**2 + 176*h - 1067. Give c(7).
-423
Let o(p) = 60*p - 1560. Calculate o(26).
0
Let x(n) = n**3 - 7*n**2 + 14*n - 102. Give x(7).
-4
Let i(d) = d**3 + 3*d**2 - 33*d - 140. Give i(-4).
-24
Let n(k) = -6*k**2 + 22*k + 200. What is n(8)?
-8
Let z(k) = 2649*k - 10593. What is z(4)?
3
Let n(s) = -7*s**2 + s - 4. Determine n(6).
-250
Let h(r) = -1103*r - 15435. Calculate h(-14).
7
Let h(k) = 2*k**2 + 1504*k - 4523. Give h(3).
7
Let t(x) = -14*x - 901. What is t(-57)?
-103
Let p(n) = 2*n**2 - 67*n - 8. Calculate p(33).
-41
Let m(x) = 2*x + 14. What is m(-4)?
6
Let o(h) = -h**3 + 31*h**2 + 47*h - 479. What is o(32)?
1
Let x(c) = -c**3 + 17*c**2 - 18*c + 19. Give x(16).
-13
Let z(u) = u**3 + 35*u**2 - 44*u - 266. Determine z(-36).
22
Let n(w) = -98*w - 144. What is n(-2)?
52
Let q(o) = 4*o**3 + 16*o**2 + 30*o + 14. Determine q(-2).
-14
Let j(z) = -4*z**3 + 26*z**2 - 8*z + 12. Give j(6).
36
Let a(p) = 71*p**2 - 2413*p - 47. Calculate a(34).
-13
Let s(b) = 2*b**3 + 248*b**2 + 246*b - 82. Determine s(-123).
-82
Let s(v) = -358*v - 15. Give s(0).
-15
Let a(v) = 10*v**2 - v + 23. Determine a(-